
-3
Calculate -5 + 4 + (2 - 2) + 2.
1
What is the value of -5 - ((-2 - -2) + -12)?
7
What is the value of -7 - ((-7 - 3) + 10)?
-7
10 + -3 + -17 - -8
-2
Evaluate 1 + -5 + 14 + 0 + -14.
-4
Calculate 9 + -15 + 15 + 1.
10
Evaluate 4 + -3 + 1 + -1 + 3.
4
3 - (3 - (0 + 2)) - 0
2
Calculate (1 - -2 - 10) + 1 - -2.
-4
Calculate -2 + ((-1 - 3) + 0 - -7).
1
What is the value of 0 + (-3 - -3) + 0 - 0?
0
Calculate -2 + -1 - (3 - 1).
-5
What is -2 + 0 + (-14 - -15)?
-1
What is -8 + -1 - -4 - -5?
0
-6 - (-4 + 7 - 6)
-3
Calculate (-1 - (3 - 1)) + 8.
5
Evaluate -4 + 3 - (0 - 2) - 3.
-2
Calculate 7 - (2 + 8 + -4).
1
Evaluate (0 - 7) + -16 + (-17 - -41).
1
What is the value of 2 + -1 - 2 - (-10 - -6)?
3
5 + (5 - 10) - 3
-3
What is -1 + (-2 - (-3 - 1)) + 3?
4
(-1 - 1) + (-5 - (-7 - -1))
-1
Calculate -2 + (0 - (-1 + 1 + -2)).
0
(9 - (-9 - -6)) + -22
-10
Evaluate -7 + 2 - (28 + -35).
2
-3 + 2 + 6 + 0
5
What is the value of -11 + 8 - (-4 - -13 - 6)?
-6
3 + (-11 - -10) - (4 + -1)
-1
Evaluate (1 - -2) + -1 + -5 - -10.
7
Calculate (1 - -18) + -21 - (-1 - 5).
4
Calculate -2 + 1 + -4 - (3 + -4).
-4
Evaluate 68 + -64 + -5 + -1.
-2
What is 5 + (-6 - (-10 + 7)) + 1?
3
What is (2 - -15) + (-6 - -5 - 7)?
9
What is (0 - (1 - 3)) + -9 + 0?
-7
What is the value of 2 + (8 - (2 + 11))?
-3
(3 - 1) + (3 - 10)
-5
What is the value of 3 - (-5 + -3 + -18 + 21)?
8
What is 0 + 4 - 0 - 4?
0
((4 - -7) + -7 - -3) + -2
5
What is the value of (-15 - 4) + 14 - (6 + -1)?
-10
What is the value of 0 + -4 + 5 + (-4 - -4)?
1
What is the value of 19 + (-38 - -24) - (1 - 1)?
5
3 + (-1 - 1) - 3
-2
What is the value of -10 + 4 - (-1 - 2 - -4)?
-7
-1 + 3 + (3 - -3)
8
Evaluate -5 - (-6 + (0 - -5)).
-4
Calculate 1 + -4 + -98 + 98.
-3
What is the value of (4 - (4 - 8)) + 5 - 4?
9
What is the value of -4 + 4 + (2 - 6) - -2?
-2
Calculate 8 - (11 + -2 + -6).
5
Evaluate -48 + 41 + (-1 - -5).
-3
Calculate 0 - 2 - (-3 + 0 + 3).
-2
Evaluate (-10 - -7 - -6) + -5 + -6.
-8
Evaluate 1 - (-2 - 1) - 6.
-2
Calculate -30 + 29 + -1 + -2 + 1.
-3
2 - (-3 + 16 - 6)
-5
Evaluate 8 + -5 - (1 + 1).
1
What is the value of 1 + -5 + 0 + 4?
0
Evaluate 4 - (20 + -3) - -12.
-1
Evaluate -2 - (-2 - (2 + 4)).
6
Calculate (1 - 13) + (46 - 33).
1
Calculate (-5 - (1 - 6)) + -4.
-4
Evaluate 4 - 11 - -3 - -7.
3
Evaluate (-2 - 0) + 62 + -64 + -1.
-5
Evaluate (-228 - -218) + (1 - -9).
0
What is the value of (3 - -2) + (3 - 3 - 3)?
2
(-2 - -9 - 15) + 5 - 3
-6
Calculate 3 - ((7 + -3 - 12) + 3).
8
What is the value of -5 - (-1 - 0) - (-39 - -35)?
0
Calculate 0 + -6 - (1 + (11 - 15)).
-3
-7 - (-7 + 7) - (-4 + -1)
-2
(3 - 2) + 3 + 5 + -4
5
Evaluate -3 + -1 + (1 - 3).
-6
Evaluate 5 + 0 - (6 + -1).
0
0 + -2 + 0 + 8
6
What is -11 - (19 + -4 - 27)?
1
Calculate (-8 - -18) + 2 + -6.
6
-2 + (2 + 1 + -1 - 1)
-1
What is 2 + -7 + (2 - 4) + 3?
-4
What is -4 + -5 + 4 + 0 - -7?
2
Evaluate -1 + 5 + -8 + 0 - -8.
4
(-9 - -3 - 0) + (14 - -2)
10
(-10 - -19) + (1 - 4)
6
Calculate 0 + 6 + (-6 - -3) + 1.
4
What is 2 - (4 + 1) - (1 - 6)?
2
What is -1 + (15 + -3 - (14 - 9))?
6
Calculate 9 + 7 + -13 - 1.
2
18 + -9 + -3 + -6
0
What is 2 + -2 + 0 + 2 + 0?
2
Evaluate 1 + -2 + (-3 - -1) + 0.
-3
What is 1 + 7 - (11 + -7) - 6?
-2
Calculate 2 + 2 + (1 - 2).
3
Evaluate -10 + 1 + 2 + -1.
-8
3 + (-14 - -3) + 3
-5
What is the value of 4 + (0 - -1) + -9 + 9?
5
Calculate 4 + 1 + (-36 - -30).
-1
What is the value of 1 - (1 - (3 - -2))?
5
Calculate (-1 - 9) + (5 - 1 - -1).
-5
Calculate -1 + 5 + -9 + -14 + 24.
5
Evaluate (-3 - (-1 - 1)) + -5 + 2.
-4
Calculate -9 + 4 + 9 + -2.
2
Calculate (0 - 0) + (3 - 5) + 4.
2
What is the value of 6 - 2 - -2 - (-2 + 17)?
-9
What is the value of (-10 - -9) + (-2 - (6 + -4))?
-5
14 + -10 + (-2 - (1 - 0))
1
Evaluate (-12 - 0) + 8 + 3.
-1
What is the value of 9 - 8 - 2 - 2?
-3
Calculate -9 + 20 + (-9 - -6).
8
Calculate 15 - 15 - (5 - 4).
-1
2 - 4 - (-1 - (-1 + 0))
-2
-14 + 17 + (-5 - 1)
-3
What is -8 + -2 - (-4 + -10)?
4
Calculate 5 - 2 - -4 - (2 + 1).
4
9 + (7 + -9 - 3)
4
What is -6 + 1 - (2 - 1)?
-6
Evaluate 1 - (-6 + 5 - -1).
1
1 - -4 - (12 - 2 - 2)
-3
6 + (-1 - (1 + (-6 - -4)))
6
What is (-1 - (-2 + 6)) + 1?
-4
Evaluate (-1 - -6) + -4 + -2.
-1
Evaluate (3 - (-2 + 3)) + -2.
0
Calculate (4 - 13) + -3 - -3 - -4.
-5
19 - 23 - (-3 + -1)
0
What is 6 - 5 - (-3 - 1)?
5
Evaluate -2 + -2 + 7 + 1.
4
3 - (4 - 10) - (5 - 1)
5
-6 + (2 - (3 - 5))
-2
Calculate 1 + -2 - (-5 - (3 - 10)).
-3
3 - (2 - (5 - 4))
2
What is the value of -4 + 1 + (7 - (9 + -4))?
-1
What is the value of -5 - (0 + 4 - 4)?
-5
What is 6 - (0 - -4) - -2?
4
Calculate 6 + -4 + (-3 - 1).
-2
Calculate (0 - 5 - 1) + 3.
-3
Calculate 27 + -25 - (-1 - -3).
0
What is -2 + -3 + 1 - -4?
0
Calculate -8 + (-4 - -2 - -6) + -3.
-7
What is the value of ((15 - 8) + -5 - 8) + 0?
-6
What is -16 + 6 + (0 - 2) - -4?
-8
5 + (-6 - (8 - 9))
0
Evaluate 6 + (7 - 5) + -2 - 0.
6
What is the value of 8 - 1 - (-17 + 16) - 4?
4
-5 - (0 + 6 - 6)
-5
Calculate (2 + -4 - 13) + 14.
-1
Calculate 3 - (-3 + -6 + 6).
6
Calculate (9 - (8 - 9)) + -8.
2
Calculate (-10 - (-28 + 7)) + -20.
-9
-7 + (9 - 12) + 0
-10
What is -7 - ((-6 - -16) + -19)?
2
2 + 2 + -10 - -3
-3
What is the value of -1 + 2 - -7 - 15?
-7
What is the value of (1 - 7) + 84 + -83?
-5
Calculate (1 - 7) + 2 - -4.
0
Evaluate 4 + 1 - (-10 + 7).
8
What is the value of -7 - 3 - -1 - -13?
4
Calculate 6 + -5 + 1 + -5.
-3
Calculate 2 + (3 - -1 - -4).
10
What is (-8 - (2 - 3)) + 7?
0
Calculate 1 + (0 + 7 - (-97 - -107)).
-2
Evaluate -2 - (-2 + 1 + (1 - 0)).
-2
Calculate 0 + (-4 - -16) + (-2 - 4).
6
(10 - 23) + (1 - -6)
-6
Calculate -14 + (6 - -8) + (1 - -3).
4
-2 - (11 - (-1 - -7)) - -10
3
Calculate -4 - ((5 - 3) + (-2 - 4)).
0
Evaluate (9 - (-4 - -7)) + -4.
2
What is the value of (-3 + 0 - 8) + 6?
-5
Calculate 1 + 1 - 4 - -7.
5
What is 1 + 6 - (5 + -19 - -10)?
11
What is the value of -9 - (2 - (4 - -3)) - -8?
4
-1 + 1 + -4 + (11 - 11)
-4
What is the value of 1 - (0 - -3 - (-2 + -1))?
-5
-4 + -1 + 5 - (0 - 4)
4
Evaluate 5 - (10 + -3 - 6).
4
What is (2 - (-1 - -1)) + (23 - 25)?
0
Calculate 3 + -10 + (-3 - -4) + 0.
-6
What is the value of (-3 - (-9 - -4)) + -4?
-2
What is the value of 8 + 0 + -11 + (5 - 5)?
-3
What is the value of 2 + -9 + 2 - (-8 - 2)?
5
What is the value of (3 - 11) + 7 - -1?
0
0 + -1 + 2 + -6 + 8
3
What is the value of -1 + (-58 + 53 - (0 - 5))?
-1
What is (3 + -9 - -7) + 5?
6
2 - (0 + 4 + 3)
-5
What is -6 + (-4 - ((0 - 4) + -2))?
-4
What is the value of (1 - 1 - 4) + (-3 - -3)?
-4
Calculate -13 + (2 + 2 - (-14 - -11)).
-6
What is 0 - ((-11 - -3) + 9)?
-1
5 + -8 - (-3 - (2 + -6))
-4
Calculate -7 + 0 + 11 + -2.
2
What is the value of -9 - (7 + -10) - -2?
-4
(3 - -10 - 2) + -6
5
-2 + -5 - (-8 + 0 + 7)
-6
(-8 - (-18 - -4)) + -3 - -6
9
What is the value of -20 + 12 + 1 + 15?
8
Evaluate (3 - 6) + (-14 - -11).
-6
Evaluate 1 + (3 - (1 + -1)) + 2.
6
Evaluate 2 + -6 - (0 + 0).
-4
(1 - 2) + -16 + 22
5
What is the value of 0 - (1 - 1 - (3 - 8))?
-5
What is the value of 2 + 7 + (-2 - 12)?
-5
-5 + (2 - (-1 - 5))
3
Calculate (10 + -1 - -1) + -8 + 0.
2
Calculate -1 - -7 - (13 - 12).
5
Calculate 3 + 1 - (8 - 11).
7
Evaluate 1 - (5 - (12 - 6) - 7).
9
(-2 - (0 - 3)) + -4
-3
What is the value of -1 + 3 + 7 + -10 + 3?
2
Calculate 7 - (2 - (3 + -5)).
3
Evaluate (2 - 2) + -1 + 1 - 4.
-4
Calculate 1 - -4 - ((2 - -4) + 3).
-4
-2 + -3 + 1 + (-4 - -6)
-2
-8 - ((-5 - 2) + -5)
4
What is the value of 7 + -3 + -5 + 5 - -1?
5
Evaluate -5 - (-3 - (-6 - -3)).
-5
What is (0 - -5) + -10 + 1 - 3?
-7
Calculate 4 - ((-5 - -11) + -1 + -6).
5
Evaluate 7 - (8 + 0 + -1).
0
Calculate -17 - -8 - -12 - 10.
-7
What is -4 + 3 + -10 + 7?
-4
What is the value of (-7 - -6 - (6 + -3)) + 4?
0
5 + -4 - (-1 - -1)
1
Evaluate (1 - 3) + (0 - -2) - -3.
3
What is (-6 - (3 - 1) - -15) + 2?
9
Calculate 17 + -6 + -13 - -4.
2
What is (6 - (-8 - -23)) + 16?
7
What is (-7 - -6 - -6) + -9?
-4
What is -2 + 5 + (-1 - 8 - -1)?
-5
What is the value of 12 - (8 - 5 - -1)?
8
Evaluate 7 - ((-7 - -15) + -1).
0
What is 1 + (-4 - -4) - -4 - 3?
2
What is -2 + (6 - (8 + -7))?
3
What is (1 - 0) + -3 - 1?
-3
Calculate 6 - (-3 - (-6 - 1)).
2
3 + -1 + -2 + -3
-3
What is (13 - 15) + -1 - (-5 + 0)?
2
(5 + -9 - 0) + 5
1
What is the value of 1 - (4 + 1 + 1 + -4)?
-1
Evaluate 72 + -87 + 5 + 2.
-8
Evaluate -21 + 39 + (7 - 21).
4
1 + (-2 - -8 - 7) +